 3*a - 30. Give m(c).
0
Let n(m) = 1. Let o(l) = 26*l**2 + l - 5. Let d(i) = -4*n(i) - o(i). Calculate d(1).
-26
Let j(s) = 2 - 6 + s + 0*s**2 + s**2. Let q = -7 + 0. Let z be (-23)/q + (-2)/7. Calculate j(z).
8
Let c(r) = -r**2 + 3*r + 2. Let o be c(3). Let v(q) be the first derivative of -q**4/4 + q**3 - 2*q + 15. Determine v(o).
2
Let x(u) = u + 3. Let y(r) = 2*r + 3. Suppose 17*s = 18*s + 3. Let g(d) = s*y(d) + 4*x(d). Determine g(6).
-9
Let k(j) = 3*j**3 + 7*j**2 - 7*j - 10. Let t(u) = 26*u + 4*u**3 - 2*u**3 + 5*u**2 - 7 - 31*u. Let f(g) = 5*k(g) - 7*t(g). Calculate f(-1).
-2
Let u be ((-8)/22)/2 + 486/(-594). Let f(v) = 8*v**3 + 2*v**2 + 2*v + 1. Give f(u).
-7
Suppose 3*d + 5*w - 9 = 0, 0*d + 2*w = 2*d - 6. Let s(x) = -x**3 + 4*x**2 + x - 2. What is s(d)?
10
Let y(p) = p**3 - 26*p**2 + 45*p + 73. Let o be y(24). Let v(l) = -5*l**3 - 1. Determine v(o).
-6
Let m(c) = c**2 + 7*c + 9. Let x(y) = y**2 + 37*y + 30. Let a be x(-36). Determine m(a).
3
Let t(k) be the third derivative of -7*k**4/24 + k**3/6 - 117*k**2. Suppose -2*x + 0 + 5 = 3*p, 3*x = 4*p + 16. Calculate t(p).
8
Let x(m) = -6*m**2 - 2*m - 1. Let u be (-2)/(-13) + (-558)/78. Let s(h) = 2*h + 12. Let k be s(u). What is x(k)?
-21
Let y(s) be the first derivative of -1 + 0*s**2 - s**3 - 1/6*s**4 + 1/120*s**5 + 0*s. Let k(o) be the third derivative of y(o). Give k(5).
1
Let x(c) = 4*c**2 + 365 - c**3 - 239 - 130 - 3*c. Determine x(2).
-2
Let l(g) = -2*g**3 + 3*g**2 + g - 2. Let f = -20 + 23. Suppose -2 = 2*a + 4, -f*x - 2*a = 0. What is l(x)?
-4
Let p(i) = i**2 - 2. Let w be 5/(10/(-34)) + 0. Let m be (-6)/(-14)*(-119)/w. Calculate p(m).
7
Let f = 38 - 39. Let z be 1/(-1) + (0 + -3)*f. Let a(h) be the third derivative of -h**6/120 + h**5/60 + h**4/12 - 2*h**2. Give a(z).
0
Let r = -3473 + 3466. Let v(u) = -u. Let o(p) = 2*p + 7. Let d(n) = o(n) + 4*v(n). What is d(r)?
21
Let i be (-56)/(-12) + (-4)/6. Let r(j) = -3*j + i - 8 + 3. Determine r(5).
-16
Let c(s) = -5*s**2 - s**3 + 0*s + 1 + 1 + s. Let a(w) = -64*w + 443. Let k be a(7). Calculate c(k).
-3
Let c(g) = -4*g**2 + g. Let q be c(1). Let f(r) = r**3 - r**2 - 3 + 4*r**2 + 1 + 6 + r. Determine f(q).
1
Let l be 4/(-10) - (-107)/5. Suppose -l = -i - 4*a, 5*a - 10 = -4*i + 19. Let u(z) = z + 927*z**2 - 465*z**2 - 464*z**2. Determine u(i).
-1
Let c = -28 + 33. Suppose r + 3 = -2*q, r + q = c*r + 3. Let y(h) = 1 - 3*h + h**2 - 9*h**2 + 5*h. Calculate y(r).
-9
Suppose 5*t - 6 = 9. Suppose 7 + t = 2*p. Let y(f) = 3*f**3 + 8*f**2 - f + 3. Let j(b) = -4*b**3 - 9*b**2 + 2*b - 3. Let a(d) = 4*j(d) + 5*y(d). What is a(p)?
-7
Suppose -p - 10 = 2*b, 2 = -2*b + 5*p + 4. Let z(f) = 4*f**2 - 5*f - 5 - 3*f**2 + 11*f - 5*f + f. Calculate z(b).
3
Let t(r) be the third derivative of r**6/120 + r**5/15 + r**4/6 + r**3/2 + 2*r**2. Let x = -7 - -10. Suppose -i + 1 = x. Determine t(i).
3
Suppose h = -3*o + 11, -4*o + 2*h + 4 = -2*h. Let b(p) = -2*p + 12. Let j be b(5). Let t(f) = 3*f**2 + 1 - 5*f - 4 + 7 - j*f**2. Determine t(o).
-2
Let z = 944 - 947. Let b(n) = -2*n**2 - 6*n - 4. Give b(z).
-4
Let q(t) = t - 3. Let y be q(1). Let v(l) = -l**3 - 5*l**2 - 6*l - 2. What is v(y)?
-2
Let f(s) = 13 - 15*s + 27*s - 11*s. Suppose -2*h - 12 = -0*h. Calculate f(h).
7
Let s(k) be the first derivative of k**2 - 3*k + 1 + 1/12*k**4 + 4/3*k**3. Let b(p) be the first derivative of s(p). Give b(-7).
-5
Let v(u) = u**3 + u**2 - 1. Suppose -5*f + 5*g + 15 = -0*g, 2*g + 12 = 4*f. Suppose 3 = -f*c + 6*c. Let y be c - (-2 + 2)/2. Determine v(y).
1
Let c(i) = 5*i - 5. Let z(b) = 2*b + 13. Let p be z(-7). Let f(g) = 3*g - 2*g + 1 - 2*g. Let o(q) = p*c(q) - 4*f(q). Determine o(-6).
7
Let p(d) be the third derivative of -13*d**4/24 + d**3/6 + d**2 + 226*d. Let m be 0 - (3 - 6 - -4). What is p(m)?
14
Let v(d) = -2*d**2 + 1. Suppose -2*i = -5*i + q - 47, i + 5*q + 5 = 0. Let g be i/(-3)*((-12)/(-20))/(-3). Give v(g).
-1
Let o(k) be the first derivative of 3/2*k**2 + 7 - 2*k. Give o(3).
7
Suppose 3*i - c = 3*c - 32, -3*c = 2*i - 7. Let j(p) = -p**2 - 4*p - 4. Let k be j(i). Let a be k/(-2) + -3 + 3. Let z(v) = 3*v**2 - 3*v + 3. Give z(a).
9
Let z = 13 + -19. Let g be z/(-4)*(-16)/12. Let d(i) = -i. Let a(s) = 1. Let b(u) = g*a(u) - d(u). Calculate b(-6).
-8
Suppose 4*j = 5*j + 2*y, 5*j - 15 = 5*y. Let c(a) = -6*a**j + 0*a - a**2 - 6*a - 9*a**3 + 5 + 8*a**3. Calculate c(-6).
5
Let u(m) be the third derivative of m**6/120 - m**5/20 - m**3/2 + 100*m**2. What is u(3)?
-3
Let j(k) = 6251*k + 20 - k**3 - 12465*k + 6230*k + 16*k**2. What is j(17)?
3
Let n(w) = -w**2 + 4*w + 4. Let u = 13 + 32. Suppose -3*p - 33 = -u. Calculate n(p).
4
Suppose 3 + 0 = -o - 2*b, 3*b = -5*o - 8. Let m(y) be the second derivative of -y**3/3 - y. Let t(n) = 1. Let j(g) = o*m(g) - t(g). Give j(-2).
-5
Let l(v) = -1 + 11 + 0 - 2 - v. Let g be (1 + -1)/(4 + -3). Calculate l(g).
8
Let j(w) = w**3 - 18*w**2 + 21*w - 66. Let g be j(17). Let m(s) be the first derivative of s**4/4 - s**2/2 - s - 2. Give m(g).
5
Let z(l) = l**3 - 8*l**2 + l + 25. Let y(q) = -q**2 + q + 3. Let a(u) = -4*y(u) + z(u). Give a(4).
1
Suppose -5*t + 12 = -2*u, 4*u - 3*u - 4 = 0. Let k(n) = n - 5. Calculate k(t).
-1
Let p be (-8)/28*(-2 + -47). Suppose p = -3*o + o. Let y(i) = i**2 + 9*i - 12. Let h(d) = 2*d**2 + 17*d - 23. Let l(s) = -3*h(s) + 5*y(s). Determine l(o).
2
Let r(g) = g**2 + 5*g - 2. Let n(z) = -z**3 - 4*z**2 + 6*z + 6. Let f be 40/(-5) + 1 + 2. Let w be n(f). Suppose 2*m + 9 = -w. Give r(m).
-2
Let x(u) be the third derivative of 9*u**2 + 0 + 1/24*u**4 - 1/30*u**5 + 0*u + 1/30*u**6 + 0*u**3. Let b = 1 + 0. Calculate x(b).
3
Let o(z) = 12*z - 21*z + 5 + 10*z. Let g(f) = -f**2 - 9*f - 13. Let k be g(-8). Calculate o(k).
0
Let m(z) be the third derivative of 0 + 9*z**2 - 1/6*z**3 + 0*z + 1/8*z**4. Let k(u) = -u - 1. Let y be k(2). Give m(y).
-10
Suppose -14 = -9*p + 7*p. Let g be ((-18)/p)/(3/14). Let d be (1/2)/((-3)/g). Let k(m) = -m**2 + 2*m. Calculate k(d).
0
Let o(h) = -h**3 + 3 + 5*h**3 - 3*h**2 + h - 5*h**3. Let n(z) be the third derivative of 5*z**4/24 + 17*z**3/6 - 10*z**2. Let v be n(-4). Determine o(v).
0
Let a(b) = 2*b**3 - 15*b**2 - 12*b + 19. Let d be -12 + 6 + 9 + 5. Calculate a(d).
-13
Let s(z) be the first derivative of z**3/3 - 9*z**2/2 - 3*z + 46. Calculate s(9).
-3
Suppose -84 = -6*c - 48. Let h(a) = -a**3 + 2*a**2 + 23*a - 3. Give h(c).
-9
Let i(u) = u + 0*u + 0*u - 86 + 69. Determine i(15).
-2
Let g(w) = w**2 + 2*w - 1. Let o be -6 + 208/36 - (-2)/9. Calculate g(o).
-1
Let p(o) = o**2 - 5*o + 4. Let z = -33 - -66. Let c = z - 24. Suppose j - 4*j = -c. Determine p(j).
-2
Let p(m) = m**2 - m - 1. Suppose 2*h - 5*k = 8, 1 - 21 = -5*h - k. Give p(h).
11
Let m(d) be the first derivative of 2/3*d**3 - 4*d - 3*d**2 - 2. Calculate m(5).
16
Let z(b) be the second derivative of b**6/72 + 13*b**3/3 - b**2/2 - b + 38. Let q(t) be the second derivative of z(t). What is q(-1)?
5
Let z(x) = x. Let l(w) = 5*w - 2. Let n(c) = l(c) + 4*z(c). What is n(-1)?
-11
Let b(t) be the second derivative of t + 1/12*t**4 - 1/20*t**5 - 3/2*t**2 + 0 + 2/3*t**3. Let c be ((-3)/(-6) + 0)*6. What is b(c)?
-9
Let t(j) = -3*j - 21. Let k be t(-9). Let p(z) = 0*z**2 + z**2 - k*z**3 + 7*z**3. Determine p(2).
12
Let x(r) = -r + 1. Let l(s) = -2*s + 2. Let u(j) = 5*l(j) - 12*x(j). Give u(-4).
-10
Let q(u) = 3 - u + 1 - u**3 - 1 + 7*u**2. What is q(7)?
-4
Let v(a) = a**2 + 8*a - 10. Suppose 72*z + 384 = 24*z. Calculate v(z).
-10
Let f(b) be the third derivative of -b**6/40 + b**5/60 - b**3/6 - 12*b**2. Let k be 5/3 - (-10)/30. Give f(k).
-21
Let n = 720 + -717. Let t(v) be the first derivative of -1/3*v**3 + n*v + 10 - v**2. Give t(-4).
-5
Let f(k) = -2*k**2 - 3*k - 4. Suppose 5*q = 8*q + 72. Let z = q - -21. Give f(z).
-13
Let y(x) = 2*x**3 + 2*x**2 + x. Let m be y(-2). Let z(v) be the second derivative of -v**4/12 - 11*v**3/6 - 13*v**2/2 + 204*v. What is z(m)?
-3
Suppose -5*u + 345 = -5*g, 0 = 5*u - u - 8. Let t = -65 - g. Let l(r) = -r**3 + r**2 + 1. Give l(t).
-3
Let y(l) = 6*l - l**2 + 4 - 2 + 3 + 0. Give y(5).
10
Let v(p) = p**2 + 2. Let u be v(0). Let r(j) be the first derivative of j**4/4 - j**3/3 - 3*j**2/2 + 2*j - 2. Give r(u).
0
Let z(x) = -12*x + 2. Suppose -113*r = -117*r + 20. Calculate z(r).
-58
Let d = 5 - -3. Suppose -3*s + s = -